*y**2 + 316*y + 9094. Give b(101).
206
Let j(h) = -h**2 + 3778*h - 55. Calculate j(0).
-55
Let h(z) = -29*z**2 - 19887*z + 206703. Give h(-696).
-9
Let w(q) = q**3 - 297*q**2 - 5956*q + 289. Determine w(-19).
-623
Let u(a) = -257*a - 6370. What is u(-25)?
55
Let j(b) = -b**3 - 8*b**2 - 107*b - 619. Determine j(-6).
-49
Let n(r) = 121717*r - 365174. Determine n(3).
-23
Let u(t) = -t**2 - 101*t + 81. Calculate u(-102).
-21
Let s(i) = 7*i**2 + 393*i + 98. Give s(-51).
-1738
Let z(k) = -701*k - 2097. Determine z(-5).
1408
Let f(c) = -1250*c + 387916. Determine f(310).
416
Let s(w) = 12*w**2 - 147*w - 3830. Give s(25).
-5
Let d(s) = -31*s**3 + 12616*s**2 + 404*s + 1181. Calculate d(407).
-40
Let d(b) = -102*b + 392. Give d(3).
86
Let u(t) = -1355*t - 203267. Calculate u(-150).
-17
Let t(n) = 15509*n + 93053. Calculate t(-6).
-1
Let n(y) = 25995*y - 207938. Determine n(8).
22
Let s(v) = -31*v**2 + 1181*v - 5247. What is s(33)?
-33
Let y(h) = -5664*h + 1393358. What is y(246)?
14
Let s(k) = 39*k**2 - 235*k - 116. Give s(6).
-122
Let z(l) = l**3 + 70*l**2 + 796*l - 9046. What is z(-26)?
2
Let z(c) = -4*c**2 + 528*c - 8179. Give z(114).
29
Let j(b) = b**3 - 111*b**2 + 2490*b + 84. Determine j(80).
884
Let y(o) = 1232*o - 1723560. Determine y(1399).
8
Let j(a) = -38332*a - 268362. Calculate j(-7).
-38
Let v(u) = 1526*u + 297415. Determine v(-195).
-155
Let o(p) = -244*p**2 + 408929*p + 25149. Determine o(1676).
9
Let r(m) = -2*m**3 - 38*m**2 + 246*m + 5102. What is r(-17)?
-236
Let b(k) = -37*k - 63. Calculate b(-9).
270
Let c(q) = q**3 - 33*q**2 + 98*q - 2081. Determine c(32).
31
Let i(l) = l**2 + 175*l - 9901. Give i(45).
-1
Let v(f) = f**2 - 9323*f - 3566286. Calculate v(-368).
2
Let z(u) = 37796*u - 415777. Give z(11).
-21
Let o(k) = 9*k + 1243. What is o(-138)?
1
Let g(m) = -3*m**3 - 89*m**2 + 338*m + 274. What is g(-33)?
10
Let l(g) = 24*g**2 - 196*g - 181. What is l(9)?
-1
Let y(d) = -11097*d - 6691503. Give y(-603).
-12
Let r(o) = 2*o**2 + 353*o + 6605. Give r(-19).
620
Let k(v) = v**2 - 1040*v + 182740. Give k(224).
-44
Let x(a) = -a**2 + 1949*a - 68724. What is x(36)?
144
Let f(l) = 1135*l - 40445. Give f(36).
415
Let d(h) = -2*h**2 - 120*h - 1106. Determine d(-33).
676
Let x(m) = -4514*m + 25919. Give x(6).
-1165
Let r(v) = -1799*v - 66647. Determine r(-37).
-84
Let t(a) = -39*a**2 + 2663*a - 748. Calculate t(68).
0
Let b(p) = -p**2 - 132*p - 4398. Determine b(-46).
-442
Let y(k) = -190*k**2 - 31486*k + 40747. Calculate y(-167).
-1
Let d(o) = -4003*o - 20070. What is d(-5)?
-55
Let w(o) = -6*o**3 + 406*o**2 + 152*o - 384. Calculate w(68).
704
Let i(q) = -q**2 - 1252*q + 14043. What is i(11)?
150
Let p(l) = -706*l**3 - 4235*l**2 - 338*l - 2116. Calculate p(-6).
-52
Let x(l) = -2*l**2 + 733*l - 13575. Give x(18).
-1029
Let k(w) = -w**3 - 36*w**2 - 561*w - 15212. Determine k(-33).
34
Let h(p) = -28968*p - 144531. What is h(-5)?
309
Let n(u) = 3*u**3 + 7*u**2 - 57244*u - 57249. Calculate n(-1).
-1
Let w(m) = -33*m**2 - 360*m + 4827. Give w(13).
-5430
Let k(m) = 822*m + 10449. Calculate k(-13).
-237
Let i(n) = -n**2 + 360*n + 91682. Calculate i(-172).
178
Let g(p) = -p**3 - 306*p**2 + 12688*p + 94. Determine g(37).
-17
Let x(w) = 3*w**2 - 47*w + 158. Give x(4).
18
Let i(n) = -1983*n - 41675. What is i(-21)?
-32
Let h(o) = 171*o**2 - 2299*o - 5. Determine h(0).
-5
Let h(f) = -5*f**3 + 4*f**2 + 22*f - 1. Determine h(-3).
104
Let g(s) = -s**2 - 84512*s + 8207083. Give g(97).
10
Let x(b) = 76*b - 1374. Determine x(21).
222
Let o(y) = -6*y**3 + 20*y**2 - 104*y + 145. Give o(6).
-1055
Let l(y) = -30795*y - 31572. What is l(-1)?
-777
Let l(b) = -b**3 + 2*b**2 + 16*b - 337. Determine l(-13).
1990
Let a(x) = -2772*x + 22890. Determine a(8).
714
Let t(z) = -13553*z + 42674. Calculate t(3).
2015
Let r(j) = 1673*j + 225818. Give r(-135).
-37
Let z(q) = 9958*q + 149391. What is z(-15)?
21
Let c(m) = 2*m**3 + 21*m**2 + 35*m + 251. Determine c(-9).
179
Let n(l) = 46*l**2 + 2199*l - 147. Give n(-48).
285
Let d(q) = 2*q**3 + 17*q**2 + 1121*q + 6551. Give d(-6).
5
Let b(v) = -v**3 - 77*v**2 + 476*v + 19656. Calculate b(-80).
776
Let f(z) = -z**3 - 18*z**2 - 16314*z - 162274. Determine f(-10).
66
Let u(g) = -49603*g - 1140836. What is u(-23)?
33
Let i(z) = -z**3 + 2*z**2 + 10601*z - 42387. Determine i(4).
-15
Let g(f) = -f**3 + 23*f**2 + 1645*f - 38908. Determine g(24).
-4
Let b(z) = 16*z**3 + 2*z**2 - 1906*z - 11580. What is b(-6)?
-3528
Let b(m) = -2*m**2 - 14*m + 115639. Calculate b(-244).
-17
Let b(c) = 10*c**3 - 7*c**2 - 144*c - 407. Determine b(-3).
-308
Let q(p) = 2*p**2 - 16879*p - 135107. Determine q(-8).
53
Let j(m) = 1767*m**2 - 15920*m + 76. Calculate j(9).
-77
Let x(i) = -61*i - 1281. Determine x(-24).
183
Let h(q) = -q**2 + 374*q + 11347. Give h(-29).
-340
Let k(o) = -126*o**3 - 749*o**2 + 3464*o - 18. Determine k(-9).
-9
Let r(j) = -3*j**3 - 29*j**2 + 249*j + 2680. Determine r(-13).
1133
Let t(n) = -1674*n - 6690. Calculate t(-4).
6
Let z(p) = -307*p**2 + 1547*p - 18. Determine z(5).
42
Let f(t) = -t**3 - 33*t**2 - 196*t + 101. What is f(-25)?
1
Let g(y) = 6*y**2 - 63*y - 1193. Calculate g(-17).
1612
Let d(w) = -66*w + 1344. Calculate d(16).
288
Let b(q) = -4*q**2 - 380*q - 507. Calculate b(-91).
949
Let h(o) = -737*o - 4864. Give h(-6).
-442
Let d(f) = -72*f**2 - 145*f + 213. Give d(-3).
0
Let w(j) = -7599*j - 15242. Determine w(-2).
-44
Let s(k) = k**3 + 269*k**2 - 1606*k + 12216. Calculate s(-275).
116
Let m(l) = l**2 - 451*l + 5134. Give m(12).
-134
Let o(p) = -18317*p - 17534. Give o(-1).
783
Let x(a) = 134*a + 11386. Give x(-85).
-4
Let v(f) = 396*f**3 - 10*f**2 + 6*f - 6. Calculate v(1).
386
Let g(r) = -3*r**2 + 275*r + 17961. Calculate g(136).
-127
Let d(s) = 6*s**2 - 881*s + 1251. Give d(146).
521
Let n(i) = -298*i + 9862. Determine n(43).
-2952
Let v(j) = 2621*j**2 + 1193*j - 1189. Give v(1).
2625
Let j(n) = -2*n**3 - 141*n**2 + 2274*n + 506. What is j(-84)?
2
Let m(a) = a**3 - 8*a**2 + 178*a - 2150. Determine m(11).
171
Let l(k) = -15712*k - 1948283. Calculate l(-124).
5
Let q(u) = u**3 - 7*u**2 - 218*u + 1547. Calculate q(7).
21
Let q(y) = -2*y**2 - 78*y + 20. Determine q(-36).
236
Let k(o) = -3*o + 720. Calculate k(0).
720
Let p(c) = 907*c - 71593. What is p(79)?
60
Let b(r) = r**2 + 1186*r - 124456. What is b(97)?
-5
Let f(w) = -w**3 - 73*w**2 + 28*w + 2042. What is f(-73)?
-2
Let p(q) = -2*q**2 + 7513*q - 15022. What is p(2)?
-4
Let x(s) = 292*s + 883. Calculate x(-3).
7
Let g(k) = -k**2 + 6707*k + 67171. Give g(-10).
1
Let m(n) = 364102*n + 1092285. What is m(-3)?
-21
Let t(b) = 15194*b - 744503. What is t(49)?
3
Let d(t) = 47*t**2 - 6822*t - 13642. Determine d(-2).
190
Let o(j) = 2*j**3 + 130*j**2 + 112*j + 35356. Calculate o(-68).
-4
Let j(g) = g**2 + 359*g - 6139. What is j(17)?
253
Let k(c) = -63*c**2 - 3268*c - 3246. Give k(-1).
-41
Let o(f) = 33971*f + 67981. What is o(-2)?
39
Let c(n) = 9486*n - 3196794. Determine c(337).
-12
Let y(k) = -1229*k + 22326. What is y(18)?
204
Let j(a) = 33*a - 4047. Give j(81).
-1374
Let l(c) = -57*c**2 + 744*c - 88. What is l(13)?
-49
Let n(a) = 47185*a + 471851. Give n(-10).
1
Let b(j) = j**3 + 375*j**2 + 7279*j - 54883. Give b(-354).
-13
Let v(p) = 5*p**3 + 517*p**2 - 317*p - 530. What is v(-104)?
-10
Let y(b) = 163*b**2 + 2529*b + 20. Give y(-16).
1284
Let s(p) = -p**3 - 62*p**2 - 126*p - 373. Calculate s(-60).
-13
Let j(x) = 155*x**2 + 49*x - 8. Calculate j(-1).
98
Let p(u) = -3*u**3 - 347*u**2 + 35233*u - 274. Calculate p(65).
-79
Let r(h) = 2*h**3 + 196*h**2 - 211*h - 1080. Calculate r(-99).
207
Let h(z) = -637*z**2 - 3999*z + 15610. Calculate h(-9).
4
Let y(d) = -2*d**2 + 518*d - 12056. What is y(26)?
60
Let s(u) = u**3 + 645*u**2 - 1315*u - 13629. What is s(-647)?
-42
Let q(i) = 54924*i - 12467758. Give q(227).
-10
Let r(a) = 2*a**2 - 442*a + 9104. Give r(199).
348
Let f(d) = d**2 + 267*d + 6462. What is f(-28)?
-230
Let n(d) = -2162*d + 105933. What is n(49)?
-5
Let w(r) = 1374*r - 6857. What is w(5)?
13
Let x(r) = -r**2 - 15799*r - 441540. Give x(-28).
48
Let i(m) = m**3 + 26*m**2 - 206*m - 51. Calculate i(7).
124
Let a(i) = -2*i**3 + 108*i**2 + 1663*i + 3834. Determine a(-10).
4
Let r(t) = t**3 + 145*t**2 - 7867*t - 2408. Give r(-187).
23
Let o(g) = 6*g**3 - 130*g**2 + 493*g + 9. Wh